{"id":115,"date":"2018-06-22T18:44:24","date_gmt":"2018-06-22T16:44:24","guid":{"rendered":"http:\/\/www.gs-am-pappelsee.de\/wp\/?page_id=115"},"modified":"2022-09-14T11:02:35","modified_gmt":"2022-09-14T09:02:35","slug":"kooperationen","status":"publish","type":"page","link":"https:\/\/www.gs-am-pappelsee.de\/?page_id=115","title":{"rendered":"Kooperationen"},"content":{"rendered":"\t\t<div data-elementor-type=\"wp-post\" data-elementor-id=\"115\" class=\"elementor elementor-115\">\n\t\t\t\t\t\t<section class=\"elementor-section elementor-top-section elementor-element elementor-element-d96e754 elementor-section-boxed elementor-section-height-default elementor-section-height-default\" data-id=\"d96e754\" data-element_type=\"section\" data-e-type=\"section\">\n\t\t\t\t\t\t<div class=\"elementor-container elementor-column-gap-default\">\n\t\t\t\t\t<div class=\"elementor-column elementor-col-100 elementor-top-column elementor-element elementor-element-c027ec8\" data-id=\"c027ec8\" data-element_type=\"column\" data-e-type=\"column\">\n\t\t\t<div class=\"elementor-widget-wrap elementor-element-populated\">\n\t\t\t\t\t\t<div class=\"elementor-element elementor-element-85fc0a6 elementor-widget elementor-widget-image\" data-id=\"85fc0a6\" data-element_type=\"widget\" data-e-type=\"widget\" data-widget_type=\"image.default\">\n\t\t\t\t<div class=\"elementor-widget-container\">\n\t\t\t\t\t\t\t\t\t\t\t\t\t\t\t<img fetchpriority=\"high\" decoding=\"async\" width=\"216\" height=\"233\" src=\"https:\/\/www.gs-am-pappelsee.de\/wp-content\/uploads\/2022\/09\/Logo-Notinsel.png\" class=\"attachment-large size-large wp-image-1676\" alt=\"\" \/>\t\t\t\t\t\t\t\t\t\t\t\t\t\t\t<\/div>\n\t\t\t\t<\/div>\n\t\t\t\t<div class=\"elementor-element elementor-element-ffee2d0 elementor-widget-divider--view-line elementor-widget elementor-widget-divider\" data-id=\"ffee2d0\" data-element_type=\"widget\" data-e-type=\"widget\" data-widget_type=\"divider.default\">\n\t\t\t\t<div class=\"elementor-widget-container\">\n\t\t\t\t\t\t\t<div class=\"elementor-divider\">\n\t\t\t<span class=\"elementor-divider-separator\">\n\t\t\t\t\t\t<\/span>\n\t\t<\/div>\n\t\t\t\t\t\t<\/div>\n\t\t\t\t<\/div>\n\t\t\t\t\t<\/div>\n\t\t<\/div>\n\t\t\t\t\t<\/div>\n\t\t<\/section>\n\t\t\t\t<section class=\"elementor-section elementor-top-section elementor-element elementor-element-b028164 elementor-section-boxed elementor-section-height-default elementor-section-height-default\" data-id=\"b028164\" data-element_type=\"section\" data-e-type=\"section\">\n\t\t\t\t\t\t<div class=\"elementor-container elementor-column-gap-default\">\n\t\t\t\t\t<div class=\"elementor-column elementor-col-100 elementor-top-column elementor-element elementor-element-354005b\" data-id=\"354005b\" data-element_type=\"column\" data-e-type=\"column\">\n\t\t\t<div class=\"elementor-widget-wrap elementor-element-populated\">\n\t\t\t\t\t\t<div class=\"elementor-element elementor-element-62357d8 elementor-widget elementor-widget-image\" data-id=\"62357d8\" data-element_type=\"widget\" data-e-type=\"widget\" data-widget_type=\"image.default\">\n\t\t\t\t<div class=\"elementor-widget-container\">\n\t\t\t\t\t\t\t\t\t\t\t\t\t\t\t\t<a href=\"https:\/\/www.gesundmachtschule.de\/\" target=\"_blank\">\n\t\t\t\t\t\t\t<img decoding=\"async\" width=\"300\" height=\"57\" src=\"https:\/\/www.gs-am-pappelsee.de\/wp-content\/uploads\/2020\/11\/GmS-Logo-300x57.jpg\" class=\"attachment-medium size-medium wp-image-1587\" alt=\"\" srcset=\"https:\/\/www.gs-am-pappelsee.de\/wp-content\/uploads\/2020\/11\/GmS-Logo-300x57.jpg 300w, https:\/\/www.gs-am-pappelsee.de\/wp-content\/uploads\/2020\/11\/GmS-Logo-1024x196.jpg 1024w, https:\/\/www.gs-am-pappelsee.de\/wp-content\/uploads\/2020\/11\/GmS-Logo-768x147.jpg 768w, https:\/\/www.gs-am-pappelsee.de\/wp-content\/uploads\/2020\/11\/GmS-Logo.jpg 1172w\" sizes=\"(max-width: 300px) 100vw, 300px\" \/>\t\t\t\t\t\t\t\t<\/a>\n\t\t\t\t\t\t\t\t\t\t\t\t\t\t\t<\/div>\n\t\t\t\t<\/div>\n\t\t\t\t<div class=\"elementor-element elementor-element-8f2b112 elementor-widget elementor-widget-image\" data-id=\"8f2b112\" data-element_type=\"widget\" data-e-type=\"widget\" data-widget_type=\"image.default\">\n\t\t\t\t<div class=\"elementor-widget-container\">\n\t\t\t\t\t\t\t\t\t\t\t\t\t\t\t\t<a href=\"http:\/\/www.gs-am-pappelsee.de\/wp-content\/uploads\/2020\/03\/Gesundmachtschule.pdf\" target=\"_blank\">\n\t\t\t\t\t\t\t<img decoding=\"async\" width=\"696\" height=\"984\" src=\"https:\/\/www.gs-am-pappelsee.de\/wp-content\/uploads\/2020\/03\/Gesundmachtschule-768x1086.jpg\" class=\"attachment-medium_large size-medium_large wp-image-937\" alt=\"\" srcset=\"https:\/\/www.gs-am-pappelsee.de\/wp-content\/uploads\/2020\/03\/Gesundmachtschule-768x1086.jpg 768w, https:\/\/www.gs-am-pappelsee.de\/wp-content\/uploads\/2020\/03\/Gesundmachtschule-212x300.jpg 212w, https:\/\/www.gs-am-pappelsee.de\/wp-content\/uploads\/2020\/03\/Gesundmachtschule-724x1024.jpg 724w, https:\/\/www.gs-am-pappelsee.de\/wp-content\/uploads\/2020\/03\/Gesundmachtschule-1087x1536.jpg 1087w, https:\/\/www.gs-am-pappelsee.de\/wp-content\/uploads\/2020\/03\/Gesundmachtschule.jpg 1240w\" sizes=\"(max-width: 696px) 100vw, 696px\" \/>\t\t\t\t\t\t\t\t<\/a>\n\t\t\t\t\t\t\t\t\t\t\t\t\t\t\t<\/div>\n\t\t\t\t<\/div>\n\t\t\t\t\t<\/div>\n\t\t<\/div>\n\t\t\t\t\t<\/div>\n\t\t<\/section>\n\t\t\t\t<section class=\"elementor-section elementor-top-section elementor-element elementor-element-f3dfeb7 elementor-section-boxed elementor-section-height-default elementor-section-height-default\" data-id=\"f3dfeb7\" data-element_type=\"section\" data-e-type=\"section\">\n\t\t\t\t\t\t<div class=\"elementor-container elementor-column-gap-default\">\n\t\t\t\t\t<div class=\"elementor-column elementor-col-100 elementor-top-column elementor-element elementor-element-3050ef4\" data-id=\"3050ef4\" data-element_type=\"column\" data-e-type=\"column\">\n\t\t\t<div class=\"elementor-widget-wrap elementor-element-populated\">\n\t\t\t\t\t\t<div class=\"elementor-element elementor-element-dbae253 elementor-widget-divider--view-line elementor-widget elementor-widget-divider\" data-id=\"dbae253\" data-element_type=\"widget\" data-e-type=\"widget\" data-widget_type=\"divider.default\">\n\t\t\t\t<div class=\"elementor-widget-container\">\n\t\t\t\t\t\t\t<div class=\"elementor-divider\">\n\t\t\t<span class=\"elementor-divider-separator\">\n\t\t\t\t\t\t<\/span>\n\t\t<\/div>\n\t\t\t\t\t\t<\/div>\n\t\t\t\t<\/div>\n\t\t\t\t<div class=\"elementor-element elementor-element-1392f19 elementor-widget elementor-widget-image\" data-id=\"1392f19\" data-element_type=\"widget\" data-e-type=\"widget\" data-widget_type=\"image.default\">\n\t\t\t\t<div class=\"elementor-widget-container\">\n\t\t\t\t\t\t\t\t\t\t\t\t\t\t\t\t<a href=\"http:\/\/www.klasse2000.de\">\n\t\t\t\t\t\t\t<img loading=\"lazy\" decoding=\"async\" width=\"575\" height=\"100\" src=\"https:\/\/www.gs-am-pappelsee.de\/wp-content\/uploads\/2020\/11\/logo_klasse_2000.png\" class=\"attachment-large size-large wp-image-1588\" alt=\"\" srcset=\"https:\/\/www.gs-am-pappelsee.de\/wp-content\/uploads\/2020\/11\/logo_klasse_2000.png 575w, https:\/\/www.gs-am-pappelsee.de\/wp-content\/uploads\/2020\/11\/logo_klasse_2000-300x52.png 300w\" sizes=\"(max-width: 575px) 100vw, 575px\" \/>\t\t\t\t\t\t\t\t<\/a>\n\t\t\t\t\t\t\t\t\t\t\t\t\t\t\t<\/div>\n\t\t\t\t<\/div>\n\t\t\t\t<div class=\"elementor-element elementor-element-6ac9b9b elementor-widget elementor-widget-text-editor\" data-id=\"6ac9b9b\" data-element_type=\"widget\" data-e-type=\"widget\" data-widget_type=\"text-editor.default\">\n\t\t\t\t<div class=\"elementor-widget-container\">\n\t\t\t\t\t\t\t\t\t<p><span style=\"text-decoration: underline;\"><strong>Stark und gesund mit Klasse2000<\/strong><\/span><\/p><p>Klasse2000 ist das bundesweit gr\u00f6\u00dfte Unterrichtsprogramm zur Gesundheitsf\u00f6rderung, Sucht- und Gewaltvorbeugung f\u00fcr die Grundschule. Wir beteiligen uns seit dem Schuljahr 2020\/21 an dem Programm, derzeit mit 7 Klassen.<\/p><p><strong>Was lernen Kinder bei Klasse2000?<\/strong><\/p><p>Die Kinder erforschen mit KLARO wie ihr K\u00f6rper funktioniert und was sie selbst tun k\u00f6nnen, damit es ihnen gut geht. Die gro\u00dfen Themen von Klasse2000 sind:<\/p><ul><li>Gesund essen &amp; trinken<\/li><li>Bewegen &amp; entspannen<\/li><li>Sich selbst m\u00f6gen &amp; Freunde haben<\/li><li>Probleme &amp; Konflikte l\u00f6sen<\/li><li>Kritisch denken &amp; Nein sagen, z. B. bei Tabak und Alkohol<\/li><\/ul><p><strong>Wie funktioniert Klasse2000?<\/strong><\/p><p>Das Unterrichtsprogramm begleitet die Kinder von Klasse 1 bis 4, pro Schuljahr finden ca. 15 Klasse2000-Stunden statt. Zwei bis drei Mal pro Schuljahr besuchen speziell geschulte Klasse2000-Gesundheitsf\u00f6rderer die Klassen und f\u00fchren mit besonderen Experimenten und Spielen neue Themen ein. Die Kinder sind begeistert von diesen Stunden, und die Lehrkr\u00e4fte haben dadurch eine gute Grundlage, um die angesprochenen Themen sp\u00e4ter zu vertiefen.<\/p><p><strong>Wie wird das Programm finanziert? <\/strong><\/p><p>Klasse2000 wird von einem gemeinn\u00fctzigen Verein getragen und \u00fcber Patenschaften finanziert (220 \u20ac pro Klasse und Schuljahr).<\/p><p>Aktuelle Informationen \u00fcber Ziele, Themen, Wirkung und Verbreitung von Klasse2000: <a href=\"http:\/\/www.klasse2000.de\" target=\"_blank\" rel=\"noopener\">www.klasse2000.de<\/a><\/p>\t\t\t\t\t\t\t\t<\/div>\n\t\t\t\t<\/div>\n\t\t\t\t<div class=\"elementor-element elementor-element-526a9dd elementor-widget-divider--view-line elementor-widget elementor-widget-divider\" data-id=\"526a9dd\" data-element_type=\"widget\" data-e-type=\"widget\" data-widget_type=\"divider.default\">\n\t\t\t\t<div class=\"elementor-widget-container\">\n\t\t\t\t\t\t\t<div class=\"elementor-divider\">\n\t\t\t<span class=\"elementor-divider-separator\">\n\t\t\t\t\t\t<\/span>\n\t\t<\/div>\n\t\t\t\t\t\t<\/div>\n\t\t\t\t<\/div>\n\t\t\t\t<div class=\"elementor-element elementor-element-b9e816d elementor-widget elementor-widget-text-editor\" data-id=\"b9e816d\" data-element_type=\"widget\" data-e-type=\"widget\" data-widget_type=\"text-editor.default\">\n\t\t\t\t<div class=\"elementor-widget-container\">\n\t\t\t\t\t\t\t\t\t<h3>Schultr\u00e4ger<\/h3>\t\t\t\t\t\t\t\t<\/div>\n\t\t\t\t<\/div>\n\t\t\t\t<div class=\"elementor-element elementor-element-92f055a elementor-widget elementor-widget-image\" data-id=\"92f055a\" data-element_type=\"widget\" data-e-type=\"widget\" data-widget_type=\"image.default\">\n\t\t\t\t<div class=\"elementor-widget-container\">\n\t\t\t\t\t\t\t\t\t\t\t\t\t\t\t\t<a href=\"http:\/\/www.gs-am-pappelsee.de\/wp-content\/uploads\/2019\/05\/BFD_Flyer_mit_Eindruckfeld.pdf\" target=\"_blank\">\n\t\t\t\t\t\t\t<img loading=\"lazy\" decoding=\"async\" width=\"696\" height=\"492\" src=\"https:\/\/www.gs-am-pappelsee.de\/wp-content\/uploads\/2019\/05\/BFD_Flyer_mit_Eindruckfeld-1024x724.jpg\" class=\"attachment-large size-large wp-image-830\" alt=\"\" srcset=\"https:\/\/www.gs-am-pappelsee.de\/wp-content\/uploads\/2019\/05\/BFD_Flyer_mit_Eindruckfeld-1024x724.jpg 1024w, https:\/\/www.gs-am-pappelsee.de\/wp-content\/uploads\/2019\/05\/BFD_Flyer_mit_Eindruckfeld-300x212.jpg 300w, https:\/\/www.gs-am-pappelsee.de\/wp-content\/uploads\/2019\/05\/BFD_Flyer_mit_Eindruckfeld-768x543.jpg 768w\" sizes=\"(max-width: 696px) 100vw, 696px\" \/>\t\t\t\t\t\t\t\t<\/a>\n\t\t\t\t\t\t\t\t\t\t\t\t\t\t\t<\/div>\n\t\t\t\t<\/div>\n\t\t\t\t\t<\/div>\n\t\t<\/div>\n\t\t\t\t\t<\/div>\n\t\t<\/section>\n\t\t\t\t<\/div>\n\t\t","protected":false},"excerpt":{"rendered":"<p>Stark und gesund mit Klasse2000 Klasse2000 ist das bundesweit gr\u00f6\u00dfte Unterrichtsprogramm zur Gesundheitsf\u00f6rderung, Sucht- und Gewaltvorbeugung f\u00fcr die Grundschule. Wir beteiligen uns seit dem Schuljahr 2020\/21 an dem Programm, derzeit mit 7 Klassen. Was lernen Kinder bei Klasse2000? Die Kinder erforschen mit KLARO wie ihr K\u00f6rper funktioniert und was sie selbst tun k\u00f6nnen, damit es<\/p><\/div>\n<div class=\"blog-btn\"><a href=\"https:\/\/www.gs-am-pappelsee.de\/?page_id=115\" class=\"home-blog-btn\">Weiterlesen<\/a><\/p>\n","protected":false},"author":1,"featured_media":0,"parent":88,"menu_order":4,"comment_status":"closed","ping_status":"closed","template":"template\/template-page-full-width.php","meta":{"footnotes":""},"class_list":["post-115","page","type-page","status-publish","hentry"],"_links":{"self":[{"href":"https:\/\/www.gs-am-pappelsee.de\/index.php?rest_route=\/wp\/v2\/pages\/115","targetHints":{"allow":["GET"]}}],"collection":[{"href":"https:\/\/www.gs-am-pappelsee.de\/index.php?rest_route=\/wp\/v2\/pages"}],"about":[{"href":"https:\/\/www.gs-am-pappelsee.de\/index.php?rest_route=\/wp\/v2\/types\/page"}],"author":[{"embeddable":true,"href":"https:\/\/www.gs-am-pappelsee.de\/index.php?rest_route=\/wp\/v2\/users\/1"}],"replies":[{"embeddable":true,"href":"https:\/\/www.gs-am-pappelsee.de\/index.php?rest_route=%2Fwp%2Fv2%2Fcomments&post=115"}],"version-history":[{"count":16,"href":"https:\/\/www.gs-am-pappelsee.de\/index.php?rest_route=\/wp\/v2\/pages\/115\/revisions"}],"predecessor-version":[{"id":1682,"href":"https:\/\/www.gs-am-pappelsee.de\/index.php?rest_route=\/wp\/v2\/pages\/115\/revisions\/1682"}],"up":[{"embeddable":true,"href":"https:\/\/www.gs-am-pappelsee.de\/index.php?rest_route=\/wp\/v2\/pages\/88"}],"wp:attachment":[{"href":"https:\/\/www.gs-am-pappelsee.de\/index.php?rest_route=%2Fwp%2Fv2%2Fmedia&parent=115"}],"curies":[{"name":"wp","href":"https:\/\/api.w.org\/{rel}","templated":true}]}}