{"id":2183,"date":"2024-11-07T19:16:24","date_gmt":"2024-11-07T18:16:24","guid":{"rendered":"https:\/\/www.gs-am-pappelsee.de\/?page_id=2183"},"modified":"2025-03-12T19:43:52","modified_gmt":"2025-03-12T18:43:52","slug":"fairtrade-schule","status":"publish","type":"page","link":"https:\/\/www.gs-am-pappelsee.de\/?page_id=2183","title":{"rendered":"Fairtrade-Schule"},"content":{"rendered":"\t\t<div data-elementor-type=\"wp-post\" data-elementor-id=\"2183\" class=\"elementor elementor-2183\">\n\t\t\t\t\t\t<section class=\"elementor-section elementor-top-section elementor-element elementor-element-1a1ee9f2 elementor-section-boxed elementor-section-height-default elementor-section-height-default\" data-id=\"1a1ee9f2\" data-element_type=\"section\" data-e-type=\"section\">\n\t\t\t\t\t\t<div class=\"elementor-container elementor-column-gap-default\">\n\t\t\t\t\t<div class=\"elementor-column elementor-col-100 elementor-top-column elementor-element elementor-element-55500bc2\" data-id=\"55500bc2\" data-element_type=\"column\" data-e-type=\"column\">\n\t\t\t<div class=\"elementor-widget-wrap elementor-element-populated\">\n\t\t\t\t\t\t<div class=\"elementor-element elementor-element-ca8c718 elementor-widget elementor-widget-text-editor\" data-id=\"ca8c718\" data-element_type=\"widget\" data-e-type=\"widget\" data-widget_type=\"text-editor.default\">\n\t\t\t\t<div class=\"elementor-widget-container\">\n\t\t\t\t\t\t\t\t\t<p class=\"p1\">Seit Ende des Schuljahres 2023\/24 sind wir auch o\ufb03zielle fairtrade school. Dies haben wir im Rahmen einer Zertfizierungsfeier am 03.07. 2024 gefeiert.<\/p><p class=\"p1\">Da wir uns als Kinderrechte-Schule f\u00fcr die Kinderrechte einsetzen, war es schnell klar, dass wir und auch f\u00fcr fairen Handel engagieren m\u00fcssen. Nur durch fairen Handel haben Kinder die\u00a0Chance auf Bildung stall Arbeit und auch darauf, nicht in Armut aufwachsen zu m\u00fcssen.<\/p><p class=\"p1\">Bei Klassenfr\u00fchst\u00fccken und Schulveranstaltungen nutzen wir daher Fairtradeprodukte und auch Adventkalender werden nur mit Fairtrade-Schokolade best\u00fcckt. Zus\u00e4tzlich gibt es bei Schulveranstaltungen, wie zum Beispiel dem Tag der o\ufb00enen T\u00fcr faires Popcorn.<\/p>\t\t\t\t\t\t\t\t<\/div>\n\t\t\t\t<\/div>\n\t\t\t\t\t<\/div>\n\t\t<\/div>\n\t\t\t\t\t<\/div>\n\t\t<\/section>\n\t\t\t\t<section class=\"elementor-section elementor-top-section elementor-element elementor-element-1bc0889 elementor-section-boxed elementor-section-height-default elementor-section-height-default\" data-id=\"1bc0889\" data-element_type=\"section\" data-e-type=\"section\">\n\t\t\t\t\t\t<div class=\"elementor-container elementor-column-gap-default\">\n\t\t\t\t\t<div class=\"elementor-column elementor-col-50 elementor-top-column elementor-element elementor-element-b6d3de2\" data-id=\"b6d3de2\" data-element_type=\"column\" data-e-type=\"column\">\n\t\t\t<div class=\"elementor-widget-wrap elementor-element-populated\">\n\t\t\t\t\t\t<div class=\"elementor-element elementor-element-0187c04 elementor-widget elementor-widget-image\" data-id=\"0187c04\" data-element_type=\"widget\" data-e-type=\"widget\" data-widget_type=\"image.default\">\n\t\t\t\t<div class=\"elementor-widget-container\">\n\t\t\t\t\t\t\t\t\t\t\t\t\t\t\t<img fetchpriority=\"high\" decoding=\"async\" width=\"696\" height=\"928\" src=\"https:\/\/www.gs-am-pappelsee.de\/wp-content\/uploads\/2025\/03\/Fairtrade-Foto-1-768x1024.jpg\" class=\"attachment-large size-large wp-image-2477\" alt=\"\" srcset=\"https:\/\/www.gs-am-pappelsee.de\/wp-content\/uploads\/2025\/03\/Fairtrade-Foto-1-768x1024.jpg 768w, https:\/\/www.gs-am-pappelsee.de\/wp-content\/uploads\/2025\/03\/Fairtrade-Foto-1-225x300.jpg 225w, https:\/\/www.gs-am-pappelsee.de\/wp-content\/uploads\/2025\/03\/Fairtrade-Foto-1-1152x1536.jpg 1152w, https:\/\/www.gs-am-pappelsee.de\/wp-content\/uploads\/2025\/03\/Fairtrade-Foto-1-1536x2048.jpg 1536w, https:\/\/www.gs-am-pappelsee.de\/wp-content\/uploads\/2025\/03\/Fairtrade-Foto-1-scaled.jpg 1920w\" sizes=\"(max-width: 696px) 100vw, 696px\" \/>\t\t\t\t\t\t\t\t\t\t\t\t\t\t\t<\/div>\n\t\t\t\t<\/div>\n\t\t\t\t\t<\/div>\n\t\t<\/div>\n\t\t\t\t<div class=\"elementor-column elementor-col-50 elementor-top-column elementor-element elementor-element-e9aa704\" data-id=\"e9aa704\" data-element_type=\"column\" data-e-type=\"column\">\n\t\t\t<div class=\"elementor-widget-wrap elementor-element-populated\">\n\t\t\t\t\t\t<div class=\"elementor-element elementor-element-46ec54d elementor-widget elementor-widget-image\" data-id=\"46ec54d\" data-element_type=\"widget\" data-e-type=\"widget\" data-widget_type=\"image.default\">\n\t\t\t\t<div class=\"elementor-widget-container\">\n\t\t\t\t\t\t\t\t\t\t\t\t\t\t\t<img decoding=\"async\" width=\"696\" height=\"928\" src=\"https:\/\/www.gs-am-pappelsee.de\/wp-content\/uploads\/2025\/03\/Fairtrade-Foto-2-768x1024.jpg\" class=\"attachment-large size-large wp-image-2478\" alt=\"\" srcset=\"https:\/\/www.gs-am-pappelsee.de\/wp-content\/uploads\/2025\/03\/Fairtrade-Foto-2-768x1024.jpg 768w, https:\/\/www.gs-am-pappelsee.de\/wp-content\/uploads\/2025\/03\/Fairtrade-Foto-2-225x300.jpg 225w, https:\/\/www.gs-am-pappelsee.de\/wp-content\/uploads\/2025\/03\/Fairtrade-Foto-2-1152x1536.jpg 1152w, https:\/\/www.gs-am-pappelsee.de\/wp-content\/uploads\/2025\/03\/Fairtrade-Foto-2-1536x2048.jpg 1536w, https:\/\/www.gs-am-pappelsee.de\/wp-content\/uploads\/2025\/03\/Fairtrade-Foto-2-scaled.jpg 1920w\" sizes=\"(max-width: 696px) 100vw, 696px\" \/>\t\t\t\t\t\t\t\t\t\t\t\t\t\t\t<\/div>\n\t\t\t\t<\/div>\n\t\t\t\t\t<\/div>\n\t\t<\/div>\n\t\t\t\t\t<\/div>\n\t\t<\/section>\n\t\t\t\t<\/div>\n\t\t","protected":false},"excerpt":{"rendered":"<p>Seit Ende des Schuljahres 2023\/24 sind wir auch o\ufb03zielle fairtrade school. Dies haben wir im Rahmen einer Zertfizierungsfeier am 03.07. 2024 gefeiert. Da wir uns als Kinderrechte-Schule f\u00fcr die Kinderrechte einsetzen, war es schnell klar, dass wir und auch f\u00fcr fairen Handel engagieren m\u00fcssen. Nur durch fairen Handel haben Kinder die\u00a0Chance auf Bildung stall Arbeit<\/p><\/div>\n<div class=\"blog-btn\"><a href=\"https:\/\/www.gs-am-pappelsee.de\/?page_id=2183\" class=\"home-blog-btn\">Weiterlesen<\/a><\/p>\n","protected":false},"author":1,"featured_media":0,"parent":0,"menu_order":2,"comment_status":"closed","ping_status":"closed","template":"template\/template-page-full-width.php","meta":{"footnotes":""},"class_list":["post-2183","page","type-page","status-publish","hentry"],"_links":{"self":[{"href":"https:\/\/www.gs-am-pappelsee.de\/index.php?rest_route=\/wp\/v2\/pages\/2183","targetHints":{"allow":["GET"]}}],"collection":[{"href":"https:\/\/www.gs-am-pappelsee.de\/index.php?rest_route=\/wp\/v2\/pages"}],"about":[{"href":"https:\/\/www.gs-am-pappelsee.de\/index.php?rest_route=\/wp\/v2\/types\/page"}],"author":[{"embeddable":true,"href":"https:\/\/www.gs-am-pappelsee.de\/index.php?rest_route=\/wp\/v2\/users\/1"}],"replies":[{"embeddable":true,"href":"https:\/\/www.gs-am-pappelsee.de\/index.php?rest_route=%2Fwp%2Fv2%2Fcomments&post=2183"}],"version-history":[{"count":10,"href":"https:\/\/www.gs-am-pappelsee.de\/index.php?rest_route=\/wp\/v2\/pages\/2183\/revisions"}],"predecessor-version":[{"id":2481,"href":"https:\/\/www.gs-am-pappelsee.de\/index.php?rest_route=\/wp\/v2\/pages\/2183\/revisions\/2481"}],"wp:attachment":[{"href":"https:\/\/www.gs-am-pappelsee.de\/index.php?rest_route=%2Fwp%2Fv2%2Fmedia&parent=2183"}],"curies":[{"name":"wp","href":"https:\/\/api.w.org\/{rel}","templated":true}]}}

<div data-elementor-type="wp-post" data-elementor-id="2183" class="elementor elementor-2183">
						<section class="elementor-section elementor-top-section elementor-element elementor-element-1a1ee9f2 elementor-section-boxed elementor-section-height-default elementor-section-height-default" data-id="1a1ee9f2" data-element_type="section" data-e-type="section">
						<div class="elementor-container elementor-column-gap-default">
					<div class="elementor-column elementor-col-100 elementor-top-column elementor-element elementor-element-55500bc2" data-id="55500bc2" data-element_type="column" data-e-type="column">
			<div class="elementor-widget-wrap elementor-element-populated">
						<div class="elementor-element elementor-element-ca8c718 elementor-widget elementor-widget-text-editor" data-id="ca8c718" data-element_type="widget" data-e-type="widget" data-widget_type="text-editor.default">
				<div class="elementor-widget-container">
									<p class="p1">Seit Ende des Schuljahres 2023/24 sind wir auch oﬃzielle fairtrade school. Dies haben wir im Rahmen einer Zertfizierungsfeier am 03.07. 2024 gefeiert.</p><p class="p1">Da wir uns als Kinderrechte-Schule für die Kinderrechte einsetzen, war es schnell klar, dass wir und auch für fairen Handel engagieren müssen. Nur durch fairen Handel haben Kinder die Chance auf Bildung stall Arbeit und auch darauf, nicht in Armut aufwachsen zu müssen.</p><p class="p1">Bei Klassenfrühstücken und Schulveranstaltungen nutzen wir daher Fairtradeprodukte und auch Adventkalender werden nur mit Fairtrade-Schokolade bestückt. Zusätzlich gibt es bei Schulveranstaltungen, wie zum Beispiel dem Tag der oﬀenen Tür faires Popcorn.</p>								</div>
				</div>
					</div>
		</div>
					</div>
		</section>
				<section class="elementor-section elementor-top-section elementor-element elementor-element-1bc0889 elementor-section-boxed elementor-section-height-default elementor-section-height-default" data-id="1bc0889" data-element_type="section" data-e-type="section">
						<div class="elementor-container elementor-column-gap-default">
					<div class="elementor-column elementor-col-50 elementor-top-column elementor-element elementor-element-b6d3de2" data-id="b6d3de2" data-element_type="column" data-e-type="column">
			<div class="elementor-widget-wrap elementor-element-populated">
						<div class="elementor-element elementor-element-0187c04 elementor-widget elementor-widget-image" data-id="0187c04" data-element_type="widget" data-e-type="widget" data-widget_type="image.default">
				<div class="elementor-widget-container">
															<img fetchpriority="high" decoding="async" width="696" height="928" src="https://www.gs-am-pappelsee.de/wp-content/uploads/2025/03/Fairtrade-Foto-1-768x1024.jpg" class="attachment-large size-large wp-image-2477" alt="" srcset="https://www.gs-am-pappelsee.de/wp-content/uploads/2025/03/Fairtrade-Foto-1-768x1024.jpg 768w, https://www.gs-am-pappelsee.de/wp-content/uploads/2025/03/Fairtrade-Foto-1-225x300.jpg 225w, https://www.gs-am-pappelsee.de/wp-content/uploads/2025/03/Fairtrade-Foto-1-1152x1536.jpg 1152w, https://www.gs-am-pappelsee.de/wp-content/uploads/2025/03/Fairtrade-Foto-1-1536x2048.jpg 1536w, https://www.gs-am-pappelsee.de/wp-content/uploads/2025/03/Fairtrade-Foto-1-scaled.jpg 1920w" sizes="(max-width: 696px) 100vw, 696px" />															</div>
				</div>
					</div>
		</div>
				<div class="elementor-column elementor-col-50 elementor-top-column elementor-element elementor-element-e9aa704" data-id="e9aa704" data-element_type="column" data-e-type="column">
			<div class="elementor-widget-wrap elementor-element-populated">
						<div class="elementor-element elementor-element-46ec54d elementor-widget elementor-widget-image" data-id="46ec54d" data-element_type="widget" data-e-type="widget" data-widget_type="image.default">
				<div class="elementor-widget-container">
															<img decoding="async" width="696" height="928" src="https://www.gs-am-pappelsee.de/wp-content/uploads/2025/03/Fairtrade-Foto-2-768x1024.jpg" class="attachment-large size-large wp-image-2478" alt="" srcset="https://www.gs-am-pappelsee.de/wp-content/uploads/2025/03/Fairtrade-Foto-2-768x1024.jpg 768w, https://www.gs-am-pappelsee.de/wp-content/uploads/2025/03/Fairtrade-Foto-2-225x300.jpg 225w, https://www.gs-am-pappelsee.de/wp-content/uploads/2025/03/Fairtrade-Foto-2-1152x1536.jpg 1152w, https://www.gs-am-pappelsee.de/wp-content/uploads/2025/03/Fairtrade-Foto-2-1536x2048.jpg 1536w, https://www.gs-am-pappelsee.de/wp-content/uploads/2025/03/Fairtrade-Foto-2-scaled.jpg 1920w" sizes="(max-width: 696px) 100vw, 696px" />															</div>
				</div>
					</div>
		</div>
					</div>
		</section>
				</div>

<p>Seit Ende des Schuljahres 2023/24 sind wir auch oﬃzielle fairtrade school. Dies haben wir im Rahmen einer Zertfizierungsfeier am 03.07. 2024 gefeiert. Da wir uns als Kinderrechte-Schule für die Kinderrechte einsetzen, war es schnell klar, dass wir und auch für fairen Handel engagieren müssen. Nur durch fairen Handel haben Kinder die Chance auf Bildung stall Arbeit</p></div>
<div class="blog-btn"><a href="https://www.gs-am-pappelsee.de/?page_id=2183" class="home-blog-btn">Weiterlesen</a></p>
